6. List the prime factors of b(d).
2, 13
Suppose -28*z = -32*z + 20, 4*z - 14664 = -4*p. What are the prime factors of p?
7, 523
Suppose 17*d - 4182 - 15844 = 0. What are the prime factors of d?
2, 19, 31
Let r(i) = -12*i - 35. Let b be r(-16). Let w = b - 90. List the prime factors of w.
67
Let o be 84/9*9 - 0. Let i = 161 - o. What are the prime factors of i?
7, 11
List the prime factors of (-1)/(6/24)*-286.
2, 11, 13
Suppose -16 = -3*c + 7*c. Let u(p) = p**3 - 7*p**2 + p - 1. Let b be u(7). What are the prime factors of c/b - (-41)/3?
13
Let l = 8 + -4. Suppose 3*i = 4*u - i + 4, 0 = -l*u - i + 11. Suppose -u*n = 3*k + 5 - 13, 0 = -3*n + k + 23. What are the prime factors of n?
7
Suppose -11 + 33 = 5*s + l, 2*s = 4*l. Suppose -s*m = -9 - 3. Suppose -m*k + 6*k - 75 = 0. List the prime factors of k.
5
Suppose 9 = -3*k, -4*s + 6*k = 11*k - 1029. What are the prime factors of s?
3, 29
Suppose -2*f - 4*i + 4532 = 0, 19*f - 17*f = 2*i + 4514. What are the prime factors of f?
2, 5, 113
What are the prime factors of 335/1*(-546)/(-195)?
2, 7, 67
Suppose 4*a = -0*a. Suppose -2*u + a*u + 3*y - 13 = 0, u + 17 = 5*y. What are the prime factors of (-2)/(-4)*(u + 118)?
2, 29
Let o be ((-5)/3)/(5/(-18)). Suppose 3*f = 9 + o. Suppose f*z = -5, -g + 2*z + 5 + 12 = 0. What are the prime factors of g?
3, 5
Let y(c) = 3*c - 1. Let w be y(-4). Let q = 17 + w. Suppose 5*z - q*z = 30. List the prime factors of z.
2, 3, 5
Suppose -8*o = 2*f - 3*o - 83, 62 = 2*f - 2*o. Let x(v) = -9*v - 1. Let d be x(2). Let w = f + d. List the prime factors of w.
3, 5
Suppose 0 = -11*m - 21*m + 9248. List the prime factors of m.
17
Let u be (-6)/9 - 136/(-6). List the prime factors of u/10*(31 - 21).
2, 11
Let p(g) be the second derivative of -5*g**4/24 - g**3/3 - 2*g**2 - 4*g. Let v(t) be the first derivative of p(t). List the prime factors of v(-6).
2, 7
Let p(l) = -4*l**3 + 2*l + 1. Let b be p(-1). Suppose 7*s - 8*s + b = 0. Let i = 2 + s. List the prime factors of i.
5
Suppose -1392 = -0*h - 2*h + 4*b, -b = -6*h + 4209. What are the prime factors of h?
2, 3, 13
Let h(v) = 30*v + 46. Let c be h(-8). Let j = -42 - c. List the prime factors of j.
2, 19
Suppose -4*d + 3*d = -93. List the prime factors of -4 - (d - -4)*-1.
3, 31
Suppose -4*h - 30 = 2*v, 0*v - v + 3*h = 35. Let k = 64 + v. What are the prime factors of k?
41
Let y(v) = 8*v**2 - 10*v + 47. What are the prime factors of y(8)?
479
Suppose -8*z + 2883 = -1493. List the prime factors of z.
547
Let b = -8056 - -11484. What are the prime factors of b?
2, 857
Suppose 2*j - 4*d = 0, 2*d - 5 = -2*j + 1. Suppose -j*m - 3*w + 3 = m, -26 = 2*m - 5*w. List the prime factors of 2 - (2 + -16 + m).
19
Let b(m) = 1 - 4*m - 5 - 11*m**2 + 5 + 37*m**2. What are the prime factors of b(2)?
97
Let v(p) = -6*p - 16. Let r be v(-15). Suppose 3*z = -r + 206. List the prime factors of z.
2, 11
Let k be ((-3)/18*-2)/((-2)/(-18)). What are the prime factors of 157 + -4 + (2 - (k - 4))?
2, 3, 13
Suppose 0 = 4*a - 18*a + 6384. List the prime factors of a.
2, 3, 19
Let b = -730 - -1024. List the prime factors of b.
2, 3, 7
What are the prime factors of (-3 + 1)/((-7)/2471*2)?
353
Let c(q) = 6*q**2 + q**3 - 7*q + 5 - 2 + 0*q**3. Let j be c(-7). What are the prime factors of j/(-6) + 265/10?
2, 13
What are the prime factors of 1369 - ((-77)/7 - -4)?
2, 43
Suppose -3*v + 6*v = 141. Suppose v*k = 44*k + 120. List the prime factors of k.
2, 5
Let v = -1854 + 2637. What are the prime factors of v?
3, 29
Suppose 5*o = 336 + 1644. List the prime factors of o.
2, 3, 11
Let k(v) = v**3 + 6*v**2 - 10*v + 17. List the prime factors of k(7).
2, 73
Suppose 12*d - 9*d = -321. Let g = d + 237. Suppose o = -o + g. List the prime factors of o.
5, 13
What are the prime factors of (506/(-8))/((76/(-32))/19)?
2, 11, 23
Suppose -3*l - 77 - 15 = 5*m, 5*l + 4*m + 136 = 0. Let w = l + 31. What are the prime factors of w?
7
Let s(p) = 3*p**2 + 6*p + 1. Let l be s(3). Let v = l + -5. What are the prime factors of v?
41
Suppose 0*d - 5*d + 1335 = 0. List the prime factors of -2*4/12*d/(-2).
89
Let q(a) = 8*a - 2 + 2*a**2 + 0 - a**2 + 7. Let b be q(-8). Suppose 92 = b*f - 108. What are the prime factors of f?
2, 5
Suppose 2*n - 5*o + 2 = -3*o, -4 = -5*n - 4*o. Suppose y + 3*y - 356 = n. What are the prime factors of y?
89
Let t be -4*((-6)/8 - 0). Suppose -c - 7 = -t*c + k, 4*k = -c - 10. Suppose -22 = -2*x + c. List the prime factors of x.
2, 3
Suppose 0 = 5*v - 440 - 385. Suppose -2*x = -v - 163. List the prime factors of x.
2, 41
Suppose 4*o + 2*c - 38 = 0, -5*c = -4*o + 2*o + 1. Let n = -6 + o. Suppose -3*b = g - b - 1, -n*g + 26 = -2*b. What are the prime factors of g?
3
Let x(s) = 5*s**2 - 33*s + 99. List the prime factors of x(6).
3
Suppose 23*v - 58392 = 1891. What are the prime factors of v?
2621
Suppose 4798 + 4402 = -2*q. What are the prime factors of (-4)/14 - q/28?
2, 41
Suppose 0 = -4*u + 2013 - 269. What are the prime factors of u?
2, 109
What are the prime factors of 72/(-60) - -1 - 6361/(-5)?
2, 3, 53
Suppose 0 = 47*y - 20*y - 119151. What are the prime factors of y?
3, 1471
Suppose -270 = -l - 5*n, -2*n - 88 = -5*l + 1289. Let k = l - 189. Let v = 129 - k. List the prime factors of v.
43
Let q be (-1)/((-3)/(3 - 15)). List the prime factors of 178 - (-5 - -5 - q).
2, 3, 29
Let d = 301 - 166. Suppose d = 6*s - 939. List the prime factors of s.
179
What are the prime factors of (686070/(-48))/(-9) + (-3)/24?
2, 397
Suppose 3*h + 7869 = 3*g, 0 = 5*g - 3*h - 20830 + 7719. List the prime factors of g.
2621
Let r be (4/8)/(2/8). Suppose -r*p = -8 - 110. What are the prime factors of p?
59
Suppose -4*h - s + 1107 = h, 5*h + 4*s - 1113 = 0. What are the prime factors of h?
13, 17
Let c(y) = -8*y**3 - 13*y**2 - 26*y. List the prime factors of c(-6).
2, 3, 59
Let i(u) = 6*u + 3*u**2 + 0*u + u + 6 + 4*u. Let k be i(5). Let y = k + -96. What are the prime factors of y?
2, 5
Let k be (-3 + 3/(-3))/2 - -4. Suppose 2*n - 310 = k. List the prime factors of n.
2, 3, 13
Let m(w) = w**2 - 20*w + 40. Let g be m(18). Let n(z) = -z**2 + 85. Let c be n(0). Suppose g*t + 29 = c. What are the prime factors of t?
2, 7
Suppose 3*b - 336 - 66 = 0. Let w = 1 + b. What are the prime factors of w?
3, 5
List the prime factors of (-72)/(-10)*(-5 - 5200/(-48)).
2, 3, 31
Let m(k) = 13 - 10*k - 7*k + 3*k. List the prime factors of m(-16).
3, 79
Let l = -186 + 234. List the prime factors of l.
2, 3
Let v be ((-55)/2)/((-1)/(-2)). Suppose 64*f = 60*f + 356. Let y = f + v. List the prime factors of y.
2, 17
Let d be (-5)/(-2 - -22)*-4. List the prime factors of d/(-3)*(-1)/(-1)*-783.
3, 29
Suppose 206 - 44 = -3*j. List the prime factors of 874/3 + j/(-81).
2, 73
Let v(r) = 2*r**2 - 2*r - 2. Suppose 4*d + 0*a = -4*a + 20, 4*d - 20 = -3*a. List the prime factors of v(d).
2, 19
Let x(b) be the first derivative of b**3/6 + 8*b**2 + 5*b + 5. Let j(p) be the first derivative of x(p). What are the prime factors of j(-4)?
2, 3
Let w = -2477 - -6102. What are the prime factors of w?
5, 29
Let r(w) be the first derivative of 1/4*w**4 - 3*w + 8/3*w**3 - 5/2*w**2 + 3. List the prime factors of r(-8).
37
Suppose 9*c = -0*c + 18. Suppose 2*q - 66 = -c*d, 5*d = -0*d + 3*q + 157. What are the prime factors of d?
2
Suppose 3*l + 7 = -4*i, -3*l - 2*l - 5*i - 5 = 0. Suppose l*y = y + 16. List the prime factors of y/(((-6)/(-4))/3).
2
Let g(w) = -759*w - 26. List the prime factors of g(-6).
2, 283
Let g be 4/(-8) - 765/6. Let d = 228 + g. What are the prime factors of d?
2, 5
Suppose -379 = -4*h - 3*j, 3*h - 2*h = 3*j + 76. Let i = h + -56. List the prime factors of i.
5, 7
Suppose g - 777 = -p + 5, -3122 = -4*g - 2*p. Suppose 11*v - g = 948. List the prime factors of v.
157
Suppose -4*q - 17 = -5*q. Let r = 21 - q. Suppose 2*h = r*y - 34, 2*y - 4*h = y + 19. What are the prime factors of y?
7
Suppose c = -0*c - 4*v + 7, -2*v = -3*c + 7. Let h be 2/c + 248/6. Suppose -4*j + 94 = -5*y, 0*j - h = -2*j + 5*y. What are the prime factors of j?
2, 13
Suppose r = 5*b + 60, 2*r - 3*r - 4*b + 78 = 0. List the prime factors of 2 + r - (-2)/(-3)*3.
2, 5, 7
Let b = -793 + 1231. List the prime factors of b.
2, 3, 73
Suppose k - 3 - 3 = -a, k - a = 0. Suppose 4*d = d - 2*x + 6, k*d = 3*x + 6. List the prime factors of (37/(-2